= -5*x. Let b = x + 71. What is the remainder when 66 is divided by b?
32
Suppose -5*c - 27 = 88. Let a = c - -65. Let x(k) = 122*k - 477. Calculate the remainder when a is divided by x(4).
9
Let i(f) = -17*f - 118. Let h be i(-8). Suppose -x - 1 + 3 = 0. Suppose h - 4 = x*v. Calculate the remainder when v is divided by 5.
2
What is the remainder when (-3 - (-961)/9) + (-2)/(-9) is divided by 18?
14
Suppose -6 - 6 = -3*k. Let l(x) be the first derivative of x**3 - x**2/2 - 4. What is the remainder when l(2) is divided by k?
2
Suppose -3*u = -u + 5*n - 252, 2*u = -4*n + 248. Suppose 4*h = p + 117, 0 = 4*h + 5*p - 43 - 92. What is the remainder when u is divided by h?
26
Suppose 11*m - 1094 + 60 = 0. Calculate the remainder when m is divided by (-1589)/(-63) + (-2)/(-18)*-2.
19
Let p be (-1175)/10*(-12)/5. Suppose -4*q + q = -p. Suppose 5*k - 3*l = q, 9 = -2*l - l. Calculate the remainder when 31 is divided by k.
14
Suppose 34*q = 44*q - 150. Calculate the remainder when 87 is divided by q.
12
Suppose 0 = -5*n - 4*b + 78 + 35, n - 2*b = 17. Suppose 4*y - 6 + 18 = 0, -10 = -2*l - 2*y. What is the remainder when n is divided by l?
5
Let f = -308 + 315. What is the remainder when 251 is divided by f?
6
Let c(a) = -a**2 - a - 34. Let g be c(0). Let u = -19 - g. Suppose 89*s - 84*s = -3*t + 191, -3*t = -4*s - 155. What is the remainder when t is divided by u?
12
Calculate the remainder when 91 - 32/(-13 + 9) is divided by 50.
49
Suppose g - 4 = 2. Calculate the remainder when 100/g*(-63)/(-14) is divided by (-1998)/(-81) - (-8)/6.
23
Let u(x) = 10*x - 1. Let s be 6*((-3)/6 - -3). Suppose 2*v - 13 - s = 0. What is the remainder when u(4) is divided by v?
11
Let j(c) = -6*c**2 - 3*c + 3. Let d be j(3). What is the remainder when (d/(-6))/(2 + 0) is divided by 3?
2
Suppose -3*h + 21 = b, -3*b - 3*h + 43 = -4*h. What is the remainder when 25 is divided by b?
10
Calculate the remainder when 145 is divided by 132/20 + (-4)/(-10).
5
Let u be ((-9)/12)/((-1)/20). Suppose 16 = l + 3*a, -7*a = 3*l - 2*a - 32. What is the remainder when 98/35*u/6 is divided by l?
3
What is the remainder when 8/(-44) - (2 + 22598/(-22)) is divided by 57?
56
Let n(x) = -x**3 + 7*x**2 - 3*x - 3. Let h be n(8). Let u = 75 - h. Calculate the remainder when u is divided by 42.
40
Let v = -22 - -50. Let f = -22 - -17. What is the remainder when v is divided by f/(-20) - (-2 - 55/4)?
12
Let n = 47 - 26. Let m = 1829 - 1818. What is the remainder when n is divided by m?
10
Let l = 458 - 157. What is the remainder when l is divided by 76?
73
Let i = 27 - 55. Let a = i + 61. Let o = a + -19. Calculate the remainder when 27 is divided by o.
13
Let n = 42 + -30. Calculate the remainder when 133/5 - (-8)/20 is divided by n - (-6 + 3 + 0).
12
Let q = -18 - -13. Let n be (-128)/(-40) - (-1)/q. What is the remainder when 29 is divided by 1 + -14*n/(-6)?
5
Let m(j) = -j**2 + 3*j - 4. Let h be m(-4). Let p = 43 + h. Let t(y) = -18*y + 1. What is the remainder when t(-1) is divided by p?
8
Let v = 0 - -2. Let a(r) = r**3 + 6*r**2 - 21. Let m be a(-5). Suppose m*b + 3 = 35. Calculate the remainder when b is divided by v.
0
Let p = 2 - 10. Let z = 44 - p. What is the remainder when z is divided by 15*(31/15*3 + -5)?
16
Let s(a) = 3*a + 1. Let f be s(6). Suppose -2*k = -k + 5*q + f, -q - 5 = 0. Let i(u) = -5*u - 87. What is the remainder when k is divided by i(-18)?
0
Calculate the remainder when 13 is divided by 18/(-153) - 688/(-68).
3
Suppose 0 = -2*s - 0 - 10. Let g = 3 + s. Let q = g - -11. What is the remainder when 34 is divided by q?
7
Suppose -5*a - 2*q = -4 - 7, 3*q + 6 = 0. Suppose -g + 3*r = -36, -3*r = 2*g + a*g - 126. Calculate the remainder when g is divided by 7.
6
Let c = -78 - -150. Let z = -100 - -103. Suppose 0*t - z*t = -c. What is the remainder when t is divided by 5?
4
Let a(r) = 5*r + 81. Let w be 7 + -10 - -3*1. Suppose 2*x = 42 - 14. Calculate the remainder when a(w) is divided by x.
11
Calculate the remainder when 277 is divided by (17 + 2)*182/26 + 3.
5
Suppose -59*y = -63*y + 368. What is the remainder when y is divided by 3?
2
Suppose -3*t - u + 5 = 0, -5*t - 1 = 3*u + u. What is the remainder when (3 - 5 - (-19 + t))/2 is divided by 5?
2
Suppose v = 3*u + 210, 4*u + 0*u = 2*v - 282. Let w = u + 105. Calculate the remainder when 141 is divided by w.
33
Let p(c) = -19*c + 2 - 3 + 4 - 1. What is the remainder when p(-1) is divided by 7?
0
Let a = 13 + -10. Suppose -86 = -3*q - 4*n + 3*n, -3*n - 66 = -a*q. Calculate the remainder when q is divided by 8.
3
Let q(p) = 174*p**2 + 11*p - 1. Calculate the remainder when q(1) is divided by 93.
91
Suppose 2*t + 20 = 2*x, t + 22 = -t + x. Let v = 95 - t. What is the remainder when v is divided by 22?
19
Let t be -1*(4/12*0)/2. Suppose -10*c + 140 = -t*c. Calculate the remainder when c is divided by 8.
6
Suppose 88*i - 12311 - 4585 = 0. What is the remainder when i is divided by 52?
36
Let i(l) = -2 - 7*l + 10*l + 7*l. Let x(p) = 4*p - 53. Calculate the remainder when x(22) is divided by i(2).
17
Let f = 4896 - 2071. What is the remainder when f is divided by 28?
25
Let b(u) = u**2 + 8*u - 7. Suppose -4*z - 6 = 18. Let s(y) = y**2 + 6*y + 4. What is the remainder when b(-10) is divided by s(z)?
1
Suppose -z - 120 = -5*z. Let r = 27 - 43. Let b = z + r. What is the remainder when 40 is divided by b?
12
Let t = 69 - 53. Calculate the remainder when t is divided by 5.
1
Suppose -5*w = -2*z - 68, -8*z - 44 = -3*w - 6*z. What is the remainder when w is divided by 6?
0
Suppose 0 = 67*p - 74*p. Suppose -2*x + 56 = -p*x. What is the remainder when 102 is divided by x?
18
Let q(f) = -26*f + 303. What is the remainder when 219 is divided by q(11)?
15
Let n(v) = -v**2 + 8*v - 3. Let d(r) = -r**3 - 6*r**2 - 7*r - 3. Let b be d(-5). Let y(h) = -h + 8. What is the remainder when y(-6) is divided by n(b)?
2
Let y be (21/14)/((-2)/56*3). Let b = y + 32. Calculate the remainder when b is divided by 7.
4
Let m = -10 + 17. What is the remainder when m is divided by (3/((-9)/(-4)))/((-73)/(-219))?
3
Suppose 13*s + 4*s = 17. Let c = -134 - 69. Calculate the remainder when c/(-63) + (-2)/9 is divided by s.
0
Let h(t) = 2*t**3 - 6*t**2 + 4*t. What is the remainder when 334 is divided by h(4)?
46
Let t(g) = -g**2 - 27*g - 100. Calculate the remainder when t(-21) is divided by 7.
5
Let p = 63 + -41. What is the remainder when 23 is divided by p?
1
Suppose 26 = 5*s + 1. Suppose 21 = -g + s*n + 69, -g + n = -36. Let u(x) = 5*x**2 + x. Calculate the remainder when g is divided by u(-2).
15
Let d(o) = -4*o**3 + o**2 + o. What is the remainder when 92 is divided by d(-2)?
24
Suppose i + 8*n = 7*n + 57, 170 = 3*i + 2*n. Calculate the remainder when i is divided by ((-12)/(-2 + 3))/(-1).
8
Let t be 6800/(-51) + 4/(-6). Let k = -86 - t. Calculate the remainder when k is divided by 27.
21
Let c = 447 - -263. Suppose -5*y + c = 5*v, -112 = -v + 5*y - 0*y. Calculate the remainder when v is divided by 24/36 - (-82)/3.
25
Suppose 4*r = 2*p - 38, r - 9 = 4*r. Let y(f) = 25*f**3 - f. Calculate the remainder when y(1) is divided by p.
11
Let d(y) = 2*y**2 + 3*y + 5. Let c = -9 - -17. Let g = c - -1. Calculate the remainder when d(-4) is divided by g.
7
Let p(j) = j**3 + 8*j**2 + 5*j + 9. Let z be p(-8). Let m = 50 + z. Calculate the remainder when m is divided by 5.
4
Let m = 394 + -156. What is the remainder when m is divided by 80?
78
Suppose -2*y = -4*m + 4130, -m = -4*y + y - 1040. What is the remainder when m is divided by 23?
19
Let t = 76 - 21. Calculate the remainder when t is divided by (-62)/(-8) - 3/(-12).
7
Let a(d) = -109*d + 222. Calculate the remainder when 151 is divided by a(2).
3
Suppose 7*l = 9*l + 124. Let r = -37 - l. Calculate the remainder when 123 is divided by r.
23
Let g = -3944 + 3954. Let n = 68 - 36. What is the remainder when n is divided by g?
2
Let s = -107 + 109. Suppose -s*a = -149 + 13. Calculate the remainder when a is divided by 23.
22
Suppose j = 2*j - 5. Let f = 698 + -690. What is the remainder when f is divided by j?
3
Suppose w - 51 = u, -w = -0*u - 4*u - 60. What is the remainder when w is divided by 5?
3
Suppose -z - 6099 = -6119. Calculate the remainder when 375 is divided by z.
15
Suppose -q + 16 = q. Suppose 10*x - 14*x =